rs of h.
3, 7
Let n(s) be the first derivative of -1/4*s**4 - 8/3*s**3 - 10 - 4*s - 5*s**2. What are the prime factors of n(-9)?
167
Suppose 0 = 8*g - 711 + 687. List the prime factors of g/2 - (-38369)/74.
2, 5, 13
Let p = 12 + -8. Suppose 0*i + 24 = 4*c + p*i, 3*i = c + 10. Suppose -b = -c, 0*l - 4*l + 622 = b. List the prime factors of l.
5, 31
Suppose -4 = -4*d + 4. List the prime factors of (-1)/((-2)/d)*(1351 - 12).
13, 103
Let f(c) = 24*c - 194. Let l be f(24). List the prime factors of l + 7 + 1 + -15.
3, 5
Suppose -o = -2*f + 2*o + 3, -5*o - 5 = -4*f. Let i(v) = v**3 - 2*v**2 + 24*v - 77. Let x be i(3). What are the prime factors of (f + x)/(2/3)?
2, 3
Suppose 54*z - 54731 - 219333 = 284296. What are the prime factors of z?
2, 5, 11, 47
Let w be (-3265)/(-2) + (-5 - (-63)/18). Let t = w - 977. List the prime factors of t.
2, 3, 109
Suppose -3*x + 29702 = -2*r, 3*x = -12*r + 8*r + 29678. List the prime factors of x.
2, 7, 101
Suppose m - 6*m = -2*d - 133, -2*m = 5*d - 59. Suppose 7*q + m = -1. What are the prime factors of ((-3)/9)/((q + 8)/(-804))?
67
Let o(m) = -m + 241. Let s be o(0). Let k = 374 - s. Let p = k - 43. What are the prime factors of p?
2, 3, 5
Let i = 200 + -200. Suppose 4*y - 855 - 773 = i. What are the prime factors of y?
11, 37
Let y(t) = -19*t**3 + 2*t**2 + 12*t - 1. What are the prime factors of y(-6)?
11, 373
Let n(a) = -61*a - 100. Let b be n(-11). Let q = b + -24. What are the prime factors of q?
547
Let s(a) = 6*a + 4. Let w = 159 - 153. List the prime factors of s(w).
2, 5
Suppose 17848 = 3*p - 2*v, -4055 - 25693 = -5*p + 2*v. List the prime factors of p.
2, 5, 7, 17
Suppose -3*v = -6*v. Suppose -k - 2 + 1 = v, 4*y - 238 = -2*k. Suppose 252 = 4*z + y. List the prime factors of z.
2, 3
Suppose -91 = -6*z - 25. List the prime factors of -19*((6 - z) + -14).
19
Let g(i) be the first derivative of -i**4/4 + 5*i**3 + 5*i**2 - 29*i - 8. What are the prime factors of g(12)?
523
Suppose 0 = 2*j - 58 + 52. Suppose -2*z = -4, 0 = -0*w + j*w + 4*z - 17. List the prime factors of (-67)/((5 - 8)/w).
67
Let j = 13825 - 8427. List the prime factors of j.
2, 2699
Suppose -5*y = 5*f, 2*f = 3*f + 3*y + 8. Suppose -2*o = -f*o + 12. Suppose 0*t + o*t - 420 = 0. List the prime factors of t.
2, 5, 7
List the prime factors of (3185/(-170) + 100/425)/((-1)/668).
2, 37, 167
Let z(y) be the third derivative of 23*y**4/12 - y**3 + 81*y**2. List the prime factors of z(5).
2, 7
Let l(k) = 9*k + 19. Let i(t) = -t**3 - 9*t**2 - t - 13. Let c be i(-11). Suppose -2*h + c = 13*h. List the prime factors of l(h).
163
Let f(s) = 96*s - 17*s**2 + 3*s**3 - 85*s - 13 - 4*s**3. Let w be f(-18). Let u = w + 18. List the prime factors of u.
131
Suppose -4*z - 4*m + 16859 = -24229, -10284 = -z + 3*m. List the prime factors of z.
3, 5, 137
Let m be -1 - 6/(-2) - -1256. Suppose -4*h - 5*q + 2531 = 0, 4*q - m = 2*h - 4*h. List the prime factors of h.
3, 71
Let k(s) = 0 - 33*s - 18*s + 8. Let l(i) = 26*i - 4. Let a(z) = 2*k(z) + 5*l(z). What are the prime factors of a(2)?
2, 13
Let r = 53199 + -32582. What are the prime factors of r?
53, 389
Suppose -86*i - 377685 + 6656774 = 172917. List the prime factors of i.
2, 131, 271
Let u be 12/(-15)*(-10)/(-4). Let m(w) = -10*w**2 - w - 4. Let l(x) = -39*x**2 - 3*x - 16. Let n(r) = 2*l(r) - 9*m(r). What are the prime factors of n(u)?
2, 23
Let t(f) = -4*f**2 + 74*f - 38. Let k(v) = 2*v**2 - 37*v + 19. Let b(z) = 9*k(z) + 4*t(z). Let d be b(18). List the prime factors of -4*(-40 - 1) - (-2)/d.
2, 83
Let d(u) be the third derivative of -u**6/120 + u**5/3 - 5*u**4/3 + 10*u**3/3 + u**2 + 36*u. List the prime factors of d(17).
3, 23
Let c(i) = i**3 + 87*i + 488. What are the prime factors of c(0)?
2, 61
Suppose -50 = -3*a - 44. Let s(h) = 28*h**3 + 3*h + 3. List the prime factors of s(a).
233
Suppose 3*q + 9 = 4*q - 2*p, 0 = 3*q - 3*p - 21. Suppose q*j = -b + 3*j + 386, -4*b + j = -1580. List the prime factors of b.
2, 197
Let k be (-3)/15 + 6216/(-20). Let x = -183 - k. Let w = x + -73. What are the prime factors of w?
5, 11
Let q(w) = 208*w**3 - 4*w + 3. Let h be q(1). Let y = 242 - h. List the prime factors of y.
5, 7
Suppose 3927646 = 136*m - 3978442. What are the prime factors of m?
61, 953
Let t = -2892 - -5252. What are the prime factors of t?
2, 5, 59
Suppose -4*q = -56*c + 58*c - 6068, 0 = -5*c + q + 15115. List the prime factors of c.
2, 3, 7
Suppose 255*v = 256*v - 4437. List the prime factors of v.
3, 17, 29
Let i(k) = 2*k - 14*k + 27*k + 6*k**2 + 67 + 19*k. What are the prime factors of i(-13)?
3, 71
Let n(r) = -17746*r + 1938. List the prime factors of n(-5).
2, 19, 1193
Suppose -4*j - 3*t + 2174 = 0, 1 + 1 = t. Suppose 2*h + j = u + 74, 2*h = -8. List the prime factors of u.
2, 5, 23
Let n(r) = 92*r - 192. Let t be n(12). Let i = t + -551. List the prime factors of i.
19
Let w(y) = -499*y + 11. List the prime factors of w(-38).
18973
Suppose -91816 = -78*k + 777338. List the prime factors of k.
11, 1013
Let y = -53228 + 76790. List the prime factors of y.
2, 3, 7, 11, 17
Let h(v) = 2559*v - 431. List the prime factors of h(3).
2, 3623
Let i = -75020 + 114551. What are the prime factors of i?
3, 13177
Suppose -45840 = 4*j + 5*b - 187663, -2*j + b = -70901. List the prime factors of j.
2, 8863
Suppose -44 = -27*c + 31*c. Let u be (1 - (-8)/(-6))*(c + 2). Let j(f) = 2*f**2 + 4*f - 3. What are the prime factors of j(u)?
3
What are the prime factors of (-1)/(-4 - (932/(-20622))/((-96)/(-8496)))?
7, 491
Let i = 506 + -321. What are the prime factors of 2 - (6 + i)*-1?
193
Suppose 3*f = 2*g + 1850, -3*f - g + 5*g = -1852. Suppose 44 = 4*a - f. What are the prime factors of a?
3, 5, 11
Let n(w) = -75*w - 756. Let z be n(-11). Suppose -g = -0*g + 1. Let u = z - g. List the prime factors of u.
2, 5, 7
Let r(s) = 5*s**3 - 21*s**2 - 48*s + 36. Let w(z) = -z**3 + z - 2. Let i(p) = -r(p) - 6*w(p). List the prime factors of i(-15).
2, 3, 29
Suppose g - 19*b + 17*b = 16481, -3*b = 3*g - 49488. What are the prime factors of g?
3, 23, 239
Let i = -165 + 170. What are the prime factors of (30/(-18))/(i/(-510))?
2, 5, 17
Suppose 0 = g - 5*c - 31, 4*g + 3*c = 2*c + 61. Let x(d) = 19*d**2 - 63*d + 7 - 21*d**2 + 107*d. List the prime factors of x(g).
199
Let x(q) = 51*q**2 - 7*q - 43. Let i be 10/12 + (-87)/18. List the prime factors of x(i).
3, 89
Let s(z) = -132*z - 8. Let x(t) = 3*t + 1. Let q be x(-1). Let j be s(q). Let l = j + -149. List the prime factors of l.
107
Let z be ((-27)/6)/(-9)*2 + -39. Let o = -1 + 3. List the prime factors of o + -5 - z - -1.
2, 3
Let f = 72 - -7. Suppose f = -10*n + 4479. What are the prime factors of n?
2, 5, 11
Let p(s) = 5*s**2 - 6*s + 14. Let w be p(8). Let j = w + -139. What are the prime factors of j?
3, 7
Let k be (-3)/((-12)/2680) + (-2)/1. Suppose g + 4*s = k, -154 = -g - 5*s + 511. List the prime factors of g.
2, 5, 17
Let t = 19869 - 12404. List the prime factors of t.
5, 1493
Let g(u) = -218*u**3 - 3*u**2 + 142*u + 681. List the prime factors of g(-5).
2, 7, 277
Let f be 334*(125/(-3))/((-14)/21). Suppose 6*z - f = -19*z. List the prime factors of z.
5, 167
Let a(k) = 31*k**2 + 29*k + 217. List the prime factors of a(-24).
17377
What are the prime factors of 2/(-16) - ((-61342800)/(-128))/(-85)?
2, 2819
Suppose -6*m = -7*m + 2*s + 8, 2*m - 5*s - 19 = 0. Suppose -1515 = -m*h - f, 12*h + 4*f + 3807 = 17*h. What are the prime factors of h?
3, 11, 23
Let l(q) = -5*q**3 - q**2 + 9*q + 14. Suppose o + 5*i = -0 + 2, 0 = -4*o + 4*i - 16. List the prime factors of l(o).
113
Let r = -1133 - -3349. Suppose -11*i + 13*i - r = 0. List the prime factors of i.
2, 277
List the prime factors of ((-27 - -2) + (-384)/(-48))*-208.
2, 13, 17
Suppose 4*p - 58293 = -5*l, -4*p = -14*l + 20*l - 69958. List the prime factors of l.
5, 2333
Let u be (36/144)/(1/(-3428)). Let w = u + 1319. List the prime factors of w.
2, 3, 7, 11
Suppose 2*g - 5*t = -112, 0 = 4*g - 3*g - 2*t + 54. Let i(w) = -w + 25. Let b be i(11). List the prime factors of g/14 + 3 - (-844)/b.
2, 3, 5
Let u = 268 + -139. Suppose 0 = 3*t - 4*t + u. List the prime factors of t.
3, 43
Let v = 61 + -61. Suppose -3*q - 2*q = v. Suppose q = -5*u + 2*u + 324. What are the prime factors of u?
2, 3
Let v(w) = -77*w - 1157. Let r be v(-15). Le